usands digit of 10398406?
8
What is the thousands digit of 3740564656?
4
What is the units digit of 199797093?
3
What is the thousands digit of 101463662?
3
What is the thousands digit of 82825514?
5
What is the hundreds digit of 547325560?
5
What is the tens digit of 166426196?
9
What is the ten thousands digit of 29153148?
5
What is the ten millions digit of 523605125?
2
What is the hundred thousands digit of 962560182?
5
What is the hundred thousands digit of 47088304?
0
What is the millions digit of 137180657?
7
What is the millions digit of 1950463381?
0
What is the ten millions digit of 944466088?
4
What is the ten millions digit of 191050792?
9
What is the millions digit of 16330041?
6
What is the millions digit of 631869866?
1
What is the ten thousands digit of 1764604387?
0
What is the ten millions digit of 64332319?
6
What is the thousands digit of 2234331?
4
What is the thousands digit of 14564931?
4
What is the hundreds digit of 265880990?
9
What is the tens digit of 1283838913?
1
What is the ten millions digit of 1606777271?
0
What is the tens digit of 557848722?
2
What is the ten thousands digit of 72516624?
1
What is the ten thousands digit of 89195760?
9
What is the thousands digit of 12563611?
3
What is the hundreds digit of 2018549040?
0
What is the ten thousands digit of 85060597?
6
What is the hundred thousands digit of 221858792?
8
What is the units digit of 5313008?
8
What is the hundreds digit of 219125893?
8
What is the ten thousands digit of 172562032?
6
What is the millions digit of 25671592?
5
What is the ten millions digit of 15674741?
1
What is the ten millions digit of 65460860?
6
What is the millions digit of 65627569?
5
What is the millions digit of 9460523?
9
What is the tens digit of 923602311?
1
What is the thousands digit of 78428380?
8
What is the thousands digit of 1871044073?
4
What is the thousands digit of 90613009?
3
What is the hundreds digit of 2685361051?
0
What is the millions digit of 215824627?
5
What is the thousands digit of 867324810?
4
What is the hundreds digit of 2310653642?
6
What is the ten thousands digit of 452765281?
6
What is the tens digit of 109732889?
8
What is the hundreds digit of 18712106?
1
What is the millions digit of 5606157375?
6
What is the hundred thousands digit of 583955403?
9
What is the ten millions digit of 60914461?
6
What is the ten millions digit of 77585916?
7
What is the millions digit of 468915223?
8
What is the hundred thousands digit of 54095415?
0
What is the units digit of 106349292?
2
What is the units digit of 193780114?
4
What is the ten thousands digit of 1239737?
3
What is the millions digit of 59444143?
9
What is the hundred thousands digit of 44214117?
2
What is the hundreds digit of 113066099?
0
What is the hundreds digit of 651159834?
8
What is the units digit of 93741877?
7
What is the hundred thousands digit of 506857165?
8
What is the hundreds digit of 117119671?
6
What is the ten millions digit of 571501725?
7
What is the ten thousands digit of 1411927327?
2
What is the ten millions digit of 395943266?
9
What is the units digit of 1783765964?
4
What is the hundred thousands digit of 1306183864?
1
What is the hundred thousands digit of 246266255?
2
What is the millions digit of 419862024?
9
What is the ten millions digit of 130603603?
3
What is the tens digit of 539642181?
8
What is the thousands digit of 124701662?
1
What is the millions digit of 111442427?
1
What is the units digit of 594338?
8
What is the hundred thousands digit of 112563375?
5
What is the hundred millions digit of 146409756?
1
What is the units digit of 579245634?
4
What is the units digit of 214707058?
8
What is the units digit of 69683810?
0
What is the hundred millions digit of 345825540?
3
What is the millions digit of 165163282?
5
What is the thousands digit of 116071348?
1
What is the millions digit of 1776094194?
6
What is the hundred thousands digit of 2997155048?
1
What is the ten millions digit of 590574327?
9
What is the hundred millions digit of 261589018?
2
What is the millions digit of 955372456?
5
What is the hundred thousands digit of 7951594?
9
What is the hundred millions digit of 177976554?
1
What is the hundreds digit of 317532841?
8
What is the ten millions digit of 251946145?
5
What is the ten thousands digit of 714522911?
2
What is the hundred millions digit of 130882409?
1
What is the units digit of 140994730?
0
What is the tens digit of 145153045?
4
What is the ten thousands digit of 1699725803?
2
What is the thousands digit of 810588234?
8
What is the tens digit of 963352221?
2
What is the ten thousands digit of 319637578?
3
What is the thousands digit of 21692564?
2
What is the hundreds digit of 9615679?
6
What is the ten thousands digit of 532781750?
8
What is the hundred thousands digit of 387476159?
4
What is the millions digit of 11897127?
1
What is the ten thousands digit of 204345602?
4
What is the millions digit of 7998015?
7
What is the hundreds digit of 49897809?
8
What is the tens digit of 49421437?
3
What is the millions digit of 5460426056?
0
What is the units digit of 2252120496?
6
What is the hundreds digit of 502410?
4
What is the ten millions digit of 1117988663?
1
What is the tens digit of 21361361?
6
What is the hundred thousands digit of 1854028235?
0
What is the hundred millions digit of 2705938094?
7
What is the billions digit of 4105985493?
4
What is the hundred thousands digit of 1283063751?
0
What is the billions digit of 1655419662?
1
What is the hundred thousands digit of 438746895?
7
What is the hundred thousands digit of 61793485?
7
What is the hundred millions digit of 927986953?
9
What is the units digit of 56202424?
4
What is the thousands digit of 584809100?
9
What is the units digit of 422663459?
9
What is the thousands digit of 47199668?
9
What is the ten thousands digit of 19374312?
7
What is the hundred thousands digit of 3301245829?
2
What is the millions digit of 403623333?
3
What is the units digit of 226323004?
4
What is the thousands digit of 6413714038?
4
What is the hundred thousands digit of 1494935900?
9
What is the hundreds digit of 30929247?
2
What is the tens digit of 27681237?
3
What is the units digit of 264108759?
9
What is the units digit of 89183146?
6
What is the hundreds digit of 1316958998?
9
What is the thousands digit of 17557423?
7
What is the ten millions digit of 171150608?
7
What is the billions digit of 1341659310?
1
What is the ten thousands digit of 1139382359?
8
What is the ten millions digit of 81844482?
8
What is the hundred millions digit of 164422375?
1
What is the millions digit of 6328731276?
8
What is the hundred millions digit of 222800744?
2
What is the hundred millions digit of 133273344?
1
What is the hundred thousands digit of 70767468?
7
What is the units digit of 961751343?
3
What is the units digit of 108456693?
3
What is the tens digit of 196902695?
9
What is the units digit of 3029930166?
6
What is the ten millions digit of 985528432?
8
What is the hundred thousands digit of 38991234?
9
What is the ten millions digit of 335813002?
3
What is the thousands digit of 2210537273?
7
What is the hundreds digit of 349627892?
8
What is the thousands digit of 45601306?
1
What is the millions digit of 163710342?
3
What is the hundreds digit of 639931571?
5
What is the millions digit of 698824686?
8
What is the thousands digit of 297391178?
1
What is the units digit of 41644520?
0
What is the millions digit of 5392482955?
2
What is the ten thousands digit of 23967118?
6
What is the billions digit of 1598455376?
1
What is the hundred thousands digit of 512242615?
2
What is the ten thousands digit of 238542569?
4
What is the hundred thousands digit of 4684744001?
7
What is the millions digit of 41840669?
1
What is the hundreds digit of 2584652535?
5
What is the units digit of 65778089?
9
What is the units digit of 7873683584?
4
What is the hundred millions digit of 5966948391?
9
What is the hundreds digit of 18908668?
6
What is the millions digit of 865001102?
5
What is the billions digit of 1799626531?
1
What is the ten millions digit of 120215753?
2
What is the hundreds digit of 1329199291?
2
What is the thousands digit of 1883023295?
3
What is the hundreds digit of 4931076